d 344?
8
Calculate the greatest common factor of 8 and 108.
4
Calculate the highest common factor of 80 and 1080.
40
What is the greatest common divisor of 2513 and 7?
7
Calculate the greatest common divisor of 6 and 78.
6
What is the highest common divisor of 117 and 104?
13
Calculate the highest common divisor of 24 and 1464.
24
Calculate the greatest common divisor of 247 and 26.
13
Calculate the highest common divisor of 119 and 5389.
17
What is the highest common factor of 2117 and 219?
73
What is the greatest common factor of 820 and 60?
20
Calculate the greatest common divisor of 13 and 7930.
13
What is the highest common factor of 85 and 34?
17
Calculate the greatest common divisor of 216 and 1908.
36
Calculate the greatest common factor of 42 and 27.
3
What is the highest common factor of 156 and 6812?
52
Calculate the highest common divisor of 75 and 1515.
15
Calculate the greatest common divisor of 58 and 11426.
58
What is the highest common divisor of 3922 and 74?
74
Calculate the highest common divisor of 627 and 95.
19
What is the greatest common divisor of 85 and 272?
17
What is the highest common divisor of 312 and 1209?
39
What is the greatest common divisor of 6 and 438?
6
Calculate the highest common factor of 171 and 27.
9
What is the highest common factor of 536 and 603?
67
What is the highest common divisor of 20 and 340?
20
Calculate the greatest common divisor of 890 and 10.
10
What is the greatest common factor of 20 and 4580?
20
What is the greatest common divisor of 119 and 49?
7
What is the greatest common factor of 527 and 221?
17
Calculate the highest common divisor of 2 and 59.
1
Calculate the highest common divisor of 41705 and 95.
95
What is the greatest common factor of 697 and 34?
17
What is the greatest common divisor of 187 and 34?
17
Calculate the highest common factor of 888 and 1248.
24
What is the highest common factor of 94 and 26?
2
What is the greatest common divisor of 51 and 17697?
51
What is the greatest common factor of 5568 and 1044?
348
Calculate the highest common factor of 2980 and 20.
20
Calculate the highest common factor of 2552 and 22.
22
Calculate the highest common factor of 2546 and 268.
134
What is the greatest common factor of 5 and 145?
5
What is the greatest common factor of 26 and 15587?
13
What is the greatest common factor of 627 and 17347?
209
What is the highest common factor of 33 and 561?
33
What is the greatest common factor of 2356 and 76?
76
Calculate the highest common divisor of 12 and 420.
12
What is the highest common factor of 426 and 48?
6
Calculate the highest common factor of 285 and 95.
95
Calculate the greatest common factor of 2740 and 240.
20
Calculate the greatest common factor of 375 and 6075.
75
What is the highest common divisor of 128 and 2944?
128
Calculate the highest common factor of 6642 and 1458.
162
What is the greatest common factor of 21 and 11879?
7
What is the highest common divisor of 37 and 999?
37
Calculate the greatest common factor of 580 and 440.
20
What is the highest common divisor of 60 and 3990?
30
What is the greatest common factor of 36 and 84?
12
Calculate the highest common divisor of 124251 and 83.
83
Calculate the highest common divisor of 410 and 20.
10
What is the highest common divisor of 60 and 636?
12
Calculate the greatest common factor of 60 and 12.
12
What is the highest common divisor of 20864 and 384?
128
What is the highest common divisor of 18 and 21780?
18
Calculate the greatest common factor of 55 and 42053.
11
What is the greatest common divisor of 6235 and 215?
215
Calculate the highest common factor of 330 and 210.
30
Calculate the greatest common divisor of 66 and 114.
6
Calculate the highest common divisor of 7 and 3899.
7
Calculate the greatest common factor of 378 and 84.
42
Calculate the greatest common divisor of 60 and 11460.
60
Calculate the highest common factor of 1041 and 6.
3
Calculate the highest common factor of 128 and 8.
8
Calculate the highest common divisor of 131 and 14017.
131
What is the greatest common factor of 261 and 8091?
261
Calculate the greatest common factor of 210 and 770.
70
Calculate the highest common factor of 69 and 7.
1
What is the greatest common divisor of 113 and 5537?
113
What is the highest common divisor of 93 and 11160?
93
What is the greatest common divisor of 7126 and 98?
14
Calculate the highest common divisor of 13 and 533.
13
What is the greatest common divisor of 84 and 1148?
28
Calculate the greatest common divisor of 1205 and 15.
5
What is the greatest common factor of 768 and 672?
96
Calculate the greatest common divisor of 16566 and 66.
66
What is the highest common divisor of 364 and 104?
52
What is the greatest common factor of 255 and 7?
1
Calculate the highest common factor of 436 and 4033.
109
What is the greatest common divisor of 58 and 2494?
58
What is the highest common factor of 27522 and 396?
198
Calculate the greatest common factor of 406 and 322.
14
Calculate the greatest common factor of 1120 and 70.
70
Calculate the greatest common factor of 5208 and 28.
28
Calculate the highest common divisor of 1517 and 1066.
41
Calculate the highest common factor of 147 and 3.
3
Calculate the highest common factor of 44 and 1166.
22
Calculate the greatest common divisor of 1030 and 70.
10
Calculate the greatest common divisor of 253 and 46.
23
What is the highest common factor of 78910 and 13?
13
Calculate the greatest common divisor of 627 and 399.
57
Calculate the highest common factor of 98 and 20678.
98
What is the highest common divisor of 6 and 48?
6
Calculate the greatest common divisor of 297 and 27.
27
What is the highest common divisor of 10 and 33200?
10
Calculate the greatest common divisor of 340 and 300.
20
What is the greatest common factor of 15 and 475?
5
Calculate the highest common divisor of 348 and 24.
12
What is the highest common factor of 30 and 36030?
30
What is the greatest common factor of 93 and 558?
93
Calculate the greatest common factor of 2471 and 14.
7
What is the greatest common divisor of 660 and 6?
6
Calculate the greatest common factor of 41 and 41.
41
Calculate the highest common factor of 36 and 36.
36
Calculate the greatest common factor of 2448 and 748.
68
Calculate the highest common divisor of 152 and 570.
38
Calculate the greatest common factor of 58 and 29406.
58
Calculate the highest common factor of 429 and 121.
11
What is the highest common divisor of 332 and 166?
166
Calculate the highest common factor of 8829 and 218.
109
What is the highest common factor of 6 and 162?
6
What is the highest common divisor of 555 and 74?
37
What is the highest common factor of 95 and 25650?
95
What is the highest common factor of 3 and 42?
3
What is the highest common divisor of 10 and 4435?
5
Calculate the greatest common factor of 312 and 56.
8
Calculate the highest common factor of 16310 and 140.
70
What is the greatest common divisor of 171 and 10545?
57
Calculate the greatest common factor of 26 and 130.
26
What is the highest common divisor of 146 and 109646?
146
Calculate the highest common factor of 35657 and 181.
181
Calculate the highest common factor of 76 and 3382.
38
Calculate the greatest common factor of 1136 and 213.
71
Calculate the greatest common factor of 33 and 16181.
11
Calculate the highest common factor of 1122 and 306.
102
What is the highest common divisor of 25142 and 52?
26
Calculate the highest common divisor of 4 and 10.
2
What is the greatest common divisor of 65 and 80?
5
What is the greatest common factor of 81 and 162?
81
Calculate the highest common divisor of 5075 and 58.
29
Calculate the greatest common factor of 410 and 20.
10
What is the highest common factor of 198 and 90?
18
What is the greatest common divisor of 58 and 986?
58
Calculate the greatest common divisor of 40 and 1660.
20
What is the highest common factor of 187 and 51?
17
Calculate the greatest common factor of 50 and 9650.
50
Calculate the greatest common factor of 7832 and 88.
88
What is the highest common divisor of 5 and 1735?
5
What is the greatest common divisor of 99 and 319?
11
Calculate the highest common divisor of 836 and 11.
11
What is the greatest common divisor of 693 and 12?
3
What is the greatest common 